{"id":11740,"date":"2020-08-19T11:32:27","date_gmt":"2020-08-19T11:32:27","guid":{"rendered":"https:\/\/agenciavicco.com.br\/pontal\/?page_id=11740"},"modified":"2025-12-03T19:11:04","modified_gmt":"2025-12-03T22:11:04","slug":"a-cidade","status":"publish","type":"page","link":"https:\/\/agenciavicco.com.br\/pontal\/a-cidade\/","title":{"rendered":"A Cidade"},"content":{"rendered":"\t\t<div data-elementor-type=\"wp-page\" data-elementor-id=\"11740\" class=\"elementor elementor-11740\" data-elementor-post-type=\"page\">\n\t\t\t\t\t\t<section class=\"elementor-section elementor-top-section elementor-element elementor-element-b847c5d elementor-section-full_width elementor-section-height-default elementor-section-height-default sc_fly_static\" data-id=\"b847c5d\" data-element_type=\"section\" data-e-type=\"section\" data-settings=\"{&quot;background_background&quot;:&quot;classic&quot;}\">\n\t\t\t\t\t\t<div class=\"elementor-container elementor-column-gap-no\">\n\t\t\t\t\t<div class=\"elementor-column elementor-col-100 elementor-top-column elementor-element elementor-element-a2211e8 sc_content_align_inherit sc_layouts_column_icons_position_left sc_fly_static\" data-id=\"a2211e8\" data-element_type=\"column\" data-e-type=\"column\">\n\t\t\t<div class=\"elementor-widget-wrap\">\n\t\t\t\t\t\t\t<\/div>\n\t\t<\/div>\n\t\t\t\t\t<\/div>\n\t\t<\/section>\n\t\t\t\t<section class=\"elementor-section elementor-top-section elementor-element elementor-element-390a31e elementor-section-full_width elementor-section-stretched elementor-section-height-default elementor-section-height-default sc_fly_static\" data-id=\"390a31e\" data-element_type=\"section\" data-e-type=\"section\" data-settings=\"{&quot;stretch_section&quot;:&quot;section-stretched&quot;,&quot;background_background&quot;:&quot;classic&quot;}\">\n\t\t\t\t\t\t\t<div class=\"elementor-background-overlay\"><\/div>\n\t\t\t\t\t\t\t<div class=\"elementor-container elementor-column-gap-extended\">\n\t\t\t\t\t<div class=\"elementor-column elementor-col-100 elementor-top-column elementor-element elementor-element-431eba0 sc_content_align_inherit sc_layouts_column_icons_position_left sc_fly_static\" data-id=\"431eba0\" data-element_type=\"column\" data-e-type=\"column\">\n\t\t\t<div class=\"elementor-widget-wrap elementor-element-populated\">\n\t\t\t\t\t\t<div class=\"elementor-element elementor-element-997479b sc_fly_static elementor-widget elementor-widget-spacer\" data-id=\"997479b\" data-element_type=\"widget\" data-e-type=\"widget\" data-widget_type=\"spacer.default\">\n\t\t\t\t<div class=\"elementor-widget-container\">\n\t\t\t\t\t\t\t<div class=\"elementor-spacer\">\n\t\t\t<div class=\"elementor-spacer-inner\"><\/div>\n\t\t<\/div>\n\t\t\t\t\t\t<\/div>\n\t\t\t\t<\/div>\n\t\t\t\t<div class=\"elementor-element elementor-element-273207e sc_fly_static elementor-widget elementor-widget-trx_sc_title\" data-id=\"273207e\" data-element_type=\"widget\" data-e-type=\"widget\" data-widget_type=\"trx_sc_title.default\">\n\t\t\t\t<div class=\"elementor-widget-container\">\n\t\t\t\t\t<div\t\tclass=\"sc_title color_style_dark sc_title_default\" ><h1 class=\"sc_item_title sc_title_title sc_align_center sc_item_title_style_default sc_item_title_tag trx_addons_inline_626594348\"\n\t\t\t><span class=\"sc_item_title_text\">A CIDADE<\/span><\/h1><\/div>\t\t\t\t<\/div>\n\t\t\t\t<\/div>\n\t\t\t\t<div class=\"elementor-element elementor-element-ec20df8 sc_fly_static elementor-widget elementor-widget-spacer\" data-id=\"ec20df8\" data-element_type=\"widget\" data-e-type=\"widget\" data-widget_type=\"spacer.default\">\n\t\t\t\t<div class=\"elementor-widget-container\">\n\t\t\t\t\t\t\t<div class=\"elementor-spacer\">\n\t\t\t<div class=\"elementor-spacer-inner\"><\/div>\n\t\t<\/div>\n\t\t\t\t\t\t<\/div>\n\t\t\t\t<\/div>\n\t\t\t\t\t<\/div>\n\t\t<\/div>\n\t\t\t\t\t<\/div>\n\t\t<\/section>\n\t\t\t\t<section class=\"elementor-section elementor-top-section elementor-element elementor-element-64c9fd8 elementor-section-boxed elementor-section-height-default elementor-section-height-default sc_fly_static\" data-id=\"64c9fd8\" data-element_type=\"section\" data-e-type=\"section\" data-settings=\"{&quot;background_background&quot;:&quot;classic&quot;}\">\n\t\t\t\t\t\t<div class=\"elementor-container elementor-column-gap-extended\">\n\t\t\t\t\t<div class=\"elementor-column elementor-col-50 elementor-top-column elementor-element elementor-element-9245af3 sc_content_align_inherit sc_layouts_column_icons_position_left sc_fly_static\" data-id=\"9245af3\" data-element_type=\"column\" data-e-type=\"column\">\n\t\t\t<div class=\"elementor-widget-wrap elementor-element-populated\">\n\t\t\t\t\t\t<div data-animation-type=\"block\" class=\"elementor-element elementor-element-8f224a0 no-title animation_type_block sc_fly_static elementor-invisible elementor-widget elementor-widget-image\" data-id=\"8f224a0\" data-element_type=\"widget\" data-e-type=\"widget\" data-settings=\"{&quot;_animation&quot;:&quot;cabana-fadeinup&quot;,&quot;_animation_delay&quot;:100}\" data-widget_type=\"image.default\">\n\t\t\t\t<div class=\"elementor-widget-container\">\n\t\t\t\t\t\t\t\t\t\t\t\t\t\t\t<img fetchpriority=\"high\" decoding=\"async\" width=\"832\" height=\"797\" src=\"https:\/\/agenciavicco.com.br\/pontal\/wp-content\/uploads\/2025\/12\/orla-pontal.jpg\" class=\"attachment-full size-full wp-image-45463\" alt=\"\" srcset=\"https:\/\/agenciavicco.com.br\/pontal\/wp-content\/uploads\/2025\/12\/orla-pontal.jpg 832w, https:\/\/agenciavicco.com.br\/pontal\/wp-content\/uploads\/2025\/12\/orla-pontal-300x287.jpg 300w, https:\/\/agenciavicco.com.br\/pontal\/wp-content\/uploads\/2025\/12\/orla-pontal-768x736.jpg 768w, https:\/\/agenciavicco.com.br\/pontal\/wp-content\/uploads\/2025\/12\/orla-pontal-370x354.jpg 370w, https:\/\/agenciavicco.com.br\/pontal\/wp-content\/uploads\/2025\/12\/orla-pontal-410x393.jpg 410w, https:\/\/agenciavicco.com.br\/pontal\/wp-content\/uploads\/2025\/12\/orla-pontal-730x699.jpg 730w\" sizes=\"(max-width: 832px) 100vw, 832px\" \/>\t\t\t\t\t\t\t\t\t\t\t\t\t\t\t<\/div>\n\t\t\t\t<\/div>\n\t\t\t\t<div data-animation-type=\"block\" class=\"elementor-element elementor-element-045c938 elementor-absolute animation_type_block sc_fly_static elementor-invisible elementor-widget elementor-widget-image\" data-id=\"045c938\" data-element_type=\"widget\" data-e-type=\"widget\" data-settings=\"{&quot;_position&quot;:&quot;absolute&quot;,&quot;_animation_delay&quot;:100,&quot;_animation&quot;:&quot;cabana-fadeinup&quot;}\" data-widget_type=\"image.default\">\n\t\t\t\t<div class=\"elementor-widget-container\">\n\t\t\t\t\t\t\t\t\t\t\t\t\t\t\t<img decoding=\"async\" width=\"370\" height=\"493\" src=\"https:\/\/agenciavicco.com.br\/pontal\/wp-content\/uploads\/2025\/12\/surf-370x493.jpg\" class=\"attachment-trx_addons-thumb-portrait size-trx_addons-thumb-portrait wp-image-45464\" alt=\"\" \/>\t\t\t\t\t\t\t\t\t\t\t\t\t\t\t<\/div>\n\t\t\t\t<\/div>\n\t\t\t\t<div class=\"elementor-element elementor-element-fbe49c3 sc_height_large sc_layouts_hide_on_wide sc_layouts_hide_on_desktop sc_layouts_hide_on_notebook sc_layouts_hide_on_tablet sc_fly_static elementor-widget elementor-widget-spacer\" data-id=\"fbe49c3\" data-element_type=\"widget\" data-e-type=\"widget\" data-widget_type=\"spacer.default\">\n\t\t\t\t<div class=\"elementor-widget-container\">\n\t\t\t\t\t\t\t<div class=\"elementor-spacer\">\n\t\t\t<div class=\"elementor-spacer-inner\"><\/div>\n\t\t<\/div>\n\t\t\t\t\t\t<\/div>\n\t\t\t\t<\/div>\n\t\t\t\t\t<\/div>\n\t\t<\/div>\n\t\t\t\t<div class=\"elementor-column elementor-col-50 elementor-top-column elementor-element elementor-element-46beee9 sc_content_align_inherit sc_layouts_column_icons_position_left sc_fly_static\" data-id=\"46beee9\" data-element_type=\"column\" data-e-type=\"column\">\n\t\t\t<div class=\"elementor-widget-wrap elementor-element-populated\">\n\t\t\t\t\t\t<div class=\"elementor-element elementor-element-dadedc7 sc_fly_static elementor-widget elementor-widget-trx_sc_title\" data-id=\"dadedc7\" data-element_type=\"widget\" data-e-type=\"widget\" data-widget_type=\"trx_sc_title.default\">\n\t\t\t\t<div class=\"elementor-widget-container\">\n\t\t\t\t\t<div\t\tclass=\"sc_title color_style_dark sc_title_default\" ><span class=\"sc_item_subtitle sc_title_subtitle sc_item_subtitle_above sc_item_title_style_default\">Conhe\u00e7a a<\/span><h1 class=\"sc_item_title sc_title_title sc_item_title_style_default sc_item_title_tag\"\n\t\t\t><span class=\"sc_item_title_text\">Hist\u00f3ria de Pontal do Paran\u00e1<\/span><\/h1><div class=\"sc_item_descr sc_title_descr\"><p>Como todo o litoral paranaense, Pontal do Paran\u00e1 era previamente habitada por comunidades ind\u00edgenas, sendo que s\u00f3 em 1951 a \u00e1rea da cidade foi doada pelo Governo do Estado para o munic\u00edpio de Paranagu\u00e1.<br \/>\nA partir de 1980, tr\u00eas grandes empresas foram instaladas e atra\u00edram mais de 3.000 oper\u00e1rios para a \u00e1rea, que permaneceram na regi\u00e3o. Na mesma \u00e9poca, foi criado o Centro de Biologia Marinha (CBM) e o Centro de Estudos do Mar da Universidade Federal do Paran\u00e1 (CEM-UFPR). A partir de 1987, a popula\u00e7\u00e3o come\u00e7ou a reivindicar emancipa\u00e7\u00e3o da regi\u00e3o para a forma\u00e7\u00e3o de um novo munic\u00edpio. Finalmente, os moradores foram atendidos e, atrav\u00e9s da Lei n\u00ba 11.252 de 20 de dezembro de 1995, a regi\u00e3o foi oficialmente desmembrada e se tornou uma cidade independente, a atual Pontal do Paran\u00e1.<\/p>\n<\/div><\/div>\t\t\t\t<\/div>\n\t\t\t\t<\/div>\n\t\t\t\t<div class=\"elementor-element elementor-element-5a9fce4 sc_fly_static elementor-widget elementor-widget-spacer\" data-id=\"5a9fce4\" data-element_type=\"widget\" data-e-type=\"widget\" data-widget_type=\"spacer.default\">\n\t\t\t\t<div class=\"elementor-widget-container\">\n\t\t\t\t\t\t\t<div class=\"elementor-spacer\">\n\t\t\t<div class=\"elementor-spacer-inner\"><\/div>\n\t\t<\/div>\n\t\t\t\t\t\t<\/div>\n\t\t\t\t<\/div>\n\t\t\t\t\t<\/div>\n\t\t<\/div>\n\t\t\t\t\t<\/div>\n\t\t<\/section>\n\t\t\t\t<section class=\"elementor-section elementor-top-section elementor-element elementor-element-1c57a40 scheme_default elementor-section-full_width elementor-section-height-default elementor-section-height-default sc_fly_static\" data-id=\"1c57a40\" data-element_type=\"section\" data-e-type=\"section\" data-settings=\"{&quot;background_background&quot;:&quot;classic&quot;}\">\n\t\t\t\t\t\t<div class=\"elementor-container elementor-column-gap-default\">\n\t\t\t\t\t<div class=\"elementor-column elementor-col-100 elementor-top-column elementor-element elementor-element-46a9edd sc_content_align_inherit sc_layouts_column_icons_position_left sc_fly_static\" data-id=\"46a9edd\" data-element_type=\"column\" data-e-type=\"column\">\n\t\t\t<div class=\"elementor-widget-wrap elementor-element-populated\">\n\t\t\t\t\t\t<div class=\"elementor-element elementor-element-360397b sc_height_extra_huge sc_fly_static elementor-widget elementor-widget-spacer\" data-id=\"360397b\" data-element_type=\"widget\" data-e-type=\"widget\" data-widget_type=\"spacer.default\">\n\t\t\t\t<div class=\"elementor-widget-container\">\n\t\t\t\t\t\t\t<div class=\"elementor-spacer\">\n\t\t\t<div class=\"elementor-spacer-inner\"><\/div>\n\t\t<\/div>\n\t\t\t\t\t\t<\/div>\n\t\t\t\t<\/div>\n\t\t\t\t\t<\/div>\n\t\t<\/div>\n\t\t\t\t\t<\/div>\n\t\t<\/section>\n\t\t\t\t<section class=\"elementor-section elementor-top-section elementor-element elementor-element-c12c613 elementor-section-content-bottom scheme_default elementor-section-boxed elementor-section-height-default elementor-section-height-default sc_fly_static\" data-id=\"c12c613\" data-element_type=\"section\" data-e-type=\"section\" data-settings=\"{&quot;background_background&quot;:&quot;classic&quot;}\">\n\t\t\t\t\t\t<div class=\"elementor-container elementor-column-gap-extended\">\n\t\t\t\t\t<div class=\"elementor-column elementor-col-50 elementor-top-column elementor-element elementor-element-fd89872 sc_content_align_inherit sc_layouts_column_icons_position_left sc_fly_static\" data-id=\"fd89872\" data-element_type=\"column\" data-e-type=\"column\">\n\t\t\t<div class=\"elementor-widget-wrap elementor-element-populated\">\n\t\t\t\t\t\t<div class=\"elementor-element elementor-element-21a8fc5 sc_fly_static elementor-widget elementor-widget-trx_sc_title\" data-id=\"21a8fc5\" data-element_type=\"widget\" data-e-type=\"widget\" data-widget_type=\"trx_sc_title.default\">\n\t\t\t\t<div class=\"elementor-widget-container\">\n\t\t\t\t\t<div\t\tclass=\"sc_title color_style_dark sc_title_default\" ><span class=\"sc_item_subtitle sc_title_subtitle sc_item_subtitle_above sc_item_title_style_default\">Pontal do Paran\u00e1<\/span><h1 class=\"sc_item_title sc_title_title sc_item_title_style_default sc_item_title_tag\"\n\t\t\t><span class=\"sc_item_title_text\">Venha conhecer esse Para\u00edso<\/span><\/h1><\/div>\t\t\t\t<\/div>\n\t\t\t\t<\/div>\n\t\t\t\t<div class=\"elementor-element elementor-element-99c0886 sc_fly_static elementor-widget elementor-widget-spacer\" data-id=\"99c0886\" data-element_type=\"widget\" data-e-type=\"widget\" data-widget_type=\"spacer.default\">\n\t\t\t\t<div class=\"elementor-widget-container\">\n\t\t\t\t\t\t\t<div class=\"elementor-spacer\">\n\t\t\t<div class=\"elementor-spacer-inner\"><\/div>\n\t\t<\/div>\n\t\t\t\t\t\t<\/div>\n\t\t\t\t<\/div>\n\t\t\t\t<div class=\"elementor-element elementor-element-c550f21 sc_fly_static elementor-widget elementor-widget-text-editor\" data-id=\"c550f21\" data-element_type=\"widget\" data-e-type=\"widget\" data-widget_type=\"text-editor.default\">\n\t\t\t\t<div class=\"elementor-widget-container\">\n\t\t\t\t\t\t\t\t\t<p>Os 23 km de orla mar\u00edtima de Pontal do Paran\u00e1 abrigam 48 balne\u00e1rios com boas condi\u00e7\u00f5es para banho. Dentre eles, destacam-se: balne\u00e1rio de Santa Terezinha, o mais visitado pelos jovens por ter vida noturna agitada, \u00f3timos picos pra pr\u00e1tica de surfe e o melhor carnaval da cidade; balne\u00e1rio Ipanema, conhecido pelo com\u00e9rcio intenso; e o balne\u00e1rio de Pontal do Sul, com belas paisagens, boas ondas para o surfe, piscinas naturais de \u00e1guas calmas e travessia para a Ilha do Mel. Os balne\u00e1rios de Praia de\u00a0Leste e Shangri-l\u00e1 tamb\u00e9m s\u00e3o bastante famosos e visitados.<\/p>\t\t\t\t\t\t\t\t<\/div>\n\t\t\t\t<\/div>\n\t\t\t\t<div class=\"elementor-element elementor-element-f186cf5 sc_fly_static elementor-widget elementor-widget-spacer\" data-id=\"f186cf5\" data-element_type=\"widget\" data-e-type=\"widget\" data-widget_type=\"spacer.default\">\n\t\t\t\t<div class=\"elementor-widget-container\">\n\t\t\t\t\t\t\t<div class=\"elementor-spacer\">\n\t\t\t<div class=\"elementor-spacer-inner\"><\/div>\n\t\t<\/div>\n\t\t\t\t\t\t<\/div>\n\t\t\t\t<\/div>\n\t\t\t\t\t<\/div>\n\t\t<\/div>\n\t\t\t\t<div class=\"elementor-column elementor-col-50 elementor-top-column elementor-element elementor-element-7ea9fdd sc_column_fixed sc_content_align_inherit sc_layouts_column_icons_position_left sc_fly_static\" data-id=\"7ea9fdd\" data-element_type=\"column\" data-e-type=\"column\">\n\t\t\t<div class=\"elementor-widget-wrap elementor-element-populated\">\n\t\t\t\t\t\t<div class=\"elementor-element elementor-element-c18c6e5 sc_fly_static elementor-widget elementor-widget-html\" data-id=\"c18c6e5\" data-element_type=\"widget\" data-e-type=\"widget\" data-widget_type=\"html.default\">\n\t\t\t\t<div class=\"elementor-widget-container\">\n\t\t\t\t\t<iframe src=\"https:\/\/www.google.com\/maps\/embed?pb=!1m14!1m8!1m3!1d278398.17213737493!2d-48.457428!3d-25.667938!3m2!1i1024!2i768!4f13.1!3m3!1m2!1s0x94db9317fa38633d%3A0xa28d93812215882c!2sPontal%20do%20Paran%C3%A1%20-%20PR%2C%2083255-000%2C%20Brasil!5e1!3m2!1spt-BR!2sus!4v1758497839488!5m2!1spt-BR!2sus\" width=\"600\" height=\"450\" style=\"border:0;\" allowfullscreen=\"\" loading=\"lazy\" referrerpolicy=\"no-referrer-when-downgrade\"><\/iframe>\t\t\t\t<\/div>\n\t\t\t\t<\/div>\n\t\t\t\t\t<\/div>\n\t\t<\/div>\n\t\t\t\t\t<\/div>\n\t\t<\/section>\n\t\t\t\t<section class=\"elementor-section elementor-top-section elementor-element elementor-element-b2aec66 scheme_default elementor-section-full_width elementor-section-height-default elementor-section-height-default sc_fly_static\" data-id=\"b2aec66\" data-element_type=\"section\" data-e-type=\"section\" data-settings=\"{&quot;background_background&quot;:&quot;classic&quot;}\">\n\t\t\t\t\t\t<div class=\"elementor-container elementor-column-gap-no\">\n\t\t\t\t\t<div class=\"elementor-column elementor-col-100 elementor-top-column elementor-element elementor-element-d1d9202 sc_content_align_inherit sc_layouts_column_icons_position_left sc_fly_static\" data-id=\"d1d9202\" data-element_type=\"column\" data-e-type=\"column\">\n\t\t\t<div class=\"elementor-widget-wrap elementor-element-populated\">\n\t\t\t\t\t\t<div class=\"elementor-element elementor-element-69c2f9a sc_height_extra_huge sc_fly_static elementor-widget elementor-widget-spacer\" data-id=\"69c2f9a\" data-element_type=\"widget\" data-e-type=\"widget\" data-widget_type=\"spacer.default\">\n\t\t\t\t<div class=\"elementor-widget-container\">\n\t\t\t\t\t\t\t<div class=\"elementor-spacer\">\n\t\t\t<div class=\"elementor-spacer-inner\"><\/div>\n\t\t<\/div>\n\t\t\t\t\t\t<\/div>\n\t\t\t\t<\/div>\n\t\t\t\t\t<\/div>\n\t\t<\/div>\n\t\t\t\t\t<\/div>\n\t\t<\/section>\n\t\t\t\t<\/div>\n\t\t","protected":false},"excerpt":{"rendered":"<p>A CIDADE Conhe\u00e7a a Hist\u00f3ria de Pontal do Paran\u00e1 Como todo o litoral paranaense, Pontal&hellip;<\/p>\n","protected":false},"author":1,"featured_media":0,"parent":0,"menu_order":0,"comment_status":"closed","ping_status":"closed","template":"","meta":{"footnotes":""},"class_list":["post-11740","page","type-page","status-publish","hentry"],"_links":{"self":[{"href":"https:\/\/agenciavicco.com.br\/pontal\/wp-json\/wp\/v2\/pages\/11740","targetHints":{"allow":["GET"]}}],"collection":[{"href":"https:\/\/agenciavicco.com.br\/pontal\/wp-json\/wp\/v2\/pages"}],"about":[{"href":"https:\/\/agenciavicco.com.br\/pontal\/wp-json\/wp\/v2\/types\/page"}],"author":[{"embeddable":true,"href":"https:\/\/agenciavicco.com.br\/pontal\/wp-json\/wp\/v2\/users\/1"}],"replies":[{"embeddable":true,"href":"https:\/\/agenciavicco.com.br\/pontal\/wp-json\/wp\/v2\/comments?post=11740"}],"version-history":[{"count":28,"href":"https:\/\/agenciavicco.com.br\/pontal\/wp-json\/wp\/v2\/pages\/11740\/revisions"}],"predecessor-version":[{"id":45467,"href":"https:\/\/agenciavicco.com.br\/pontal\/wp-json\/wp\/v2\/pages\/11740\/revisions\/45467"}],"wp:attachment":[{"href":"https:\/\/agenciavicco.com.br\/pontal\/wp-json\/wp\/v2\/media?parent=11740"}],"curies":[{"name":"wp","href":"https:\/\/api.w.org\/{rel}","templated":true}]}}